4 divide 22482292?
True
Is 138 a factor of 4529436?
True
Is 2 a factor of 59995202?
True
Is 231376110 a multiple of 266?
True
Is 303177636 a multiple of 177?
True
Is 441360860 a multiple of 229?
True
Does 38 divide 146705954?
True
Is 67 a factor of 1624435542?
False
Is 349847484 a multiple of 84?
True
Is 3351 a factor of 2325701232?
True
Does 12 divide 108122405?
False
Is 299 a factor of 862615?
True
Is 67084896 a multiple of 12?
True
Does 33 divide 74297070?
False
Is 68908536 a multiple of 984?
True
Is 3127409874 a multiple of 6522?
True
Is 535 a factor of 135598960?
True
Does 8 divide 122964814?
False
Does 23 divide 633272777?
True
Is 52 a factor of 371057772?
False
Does 828 divide 97325604?
True
Is 91733548 a multiple of 27?
False
Is 332 a factor of 41083468?
False
Does 1931 divide 896509232?
True
Does 1881 divide 28617534?
True
Does 488 divide 87140346?
False
Does 225 divide 84155779?
False
Is 46 a factor of 5197172?
True
Is 1360420700 a multiple of 3925?
True
Does 69 divide 84567256?
False
Does 324 divide 626672700?
True
Does 25 divide 143171726?
False
Is 302 a factor of 7065592?
True
Is 17453504 a multiple of 12?
False
Is 23862017 a multiple of 1124?
False
Does 464 divide 94701569?
False
Does 2125 divide 8167282?
False
Is 37 a factor of 36116788?
False
Is 306867400 a multiple of 2534?
True
Is 8543 a factor of 310315932?
True
Is 7174417 a multiple of 18?
False
Is 646 a factor of 9126688?
True
Does 108 divide 294186924?
True
Is 1494882804 a multiple of 7?
False
Is 53 a factor of 5091392?
True
Is 22 a factor of 1140622?
False
Is 201559813 a multiple of 89?
True
Is 4 a factor of 61830031?
False
Does 2504 divide 1755404160?
True
Is 1041613788 a multiple of 118?
False
Is 38 a factor of 29617910?
False
Is 2201 a factor of 227154205?
True
Is 1618978156 a multiple of 14116?
True
Is 34398562 a multiple of 812?
False
Is 618970588 a multiple of 118?
False
Does 15 divide 7291935?
True
Does 2049 divide 312099582?
True
Is 61 a factor of 1930721248?
True
Is 4834950 a multiple of 150?
True
Does 325 divide 14225937?
False
Is 1031 a factor of 17268407?
False
Is 888 a factor of 4256327856?
True
Does 229 divide 1132528431?
True
Is 13 a factor of 16414957?
True
Does 8 divide 354604496?
True
Does 28 divide 1898682016?
True
Is 1991873536 a multiple of 678?
False
Is 490 a factor of 808546218?
False
Is 4408 a factor of 1952149566?
False
Is 50 a factor of 2685314?
False
Is 156269066 a multiple of 2290?
False
Does 1606 divide 28763460?
True
Does 338 divide 288498353?
False
Does 702 divide 4709541639?
False
Is 1053 a factor of 427228425?
True
Does 107 divide 4220829?
True
Is 23 a factor of 53649678?
False
Does 184 divide 8446735?
False
Is 11953714 a multiple of 82?
True
Is 558484206 a multiple of 123?
True
Is 20721597 a multiple of 69?
True
Is 4610940 a multiple of 60?
True
Does 89 divide 279673780?
False
Does 3579 divide 916381476?
True
Does 11 divide 105107761?
True
Is 16 a factor of 5039264?
True
Is 105 a factor of 11131969?
False
Does 68 divide 183639317?
False
Is 16 a factor of 83985597?
False
Is 37 a factor of 873119739?
False
Is 1957484553 a multiple of 93?
True
Does 36 divide 273776793?
False
Is 12 a factor of 56756016?
True
Is 96260918 a multiple of 58?
True
Is 15033740 a multiple of 213?
False
Is 4817 a factor of 787434990?
True
Does 1886 divide 517450504?
True
Is 17872966 a multiple of 640?
False
Does 29 divide 703594027?
True
Is 11715 a factor of 5579125431?
False
Is 103 a factor of 95803056?
False
Does 2253 divide 2618991221?
False
Is 1698 a factor of 934884840?
True
Is 225871683 a multiple of 2328?
False
Is 146 a factor of 194347808?
False
Is 22 a factor of 172259054?
True
Is 24 a factor of 74160282?
False
Is 5754234 a multiple of 6?
True
Does 1005 divide 83237933?
False
Is 14 a factor of 386594460?
True
Is 1218554172 a multiple of 6?
True
Is 615205203 a multiple of 1369?
False
Is 755 a factor of 259608360?
False
Is 37308019 a multiple of 16?
False
Is 383208453 a multiple of 31?
True
Is 9467 a factor of 236421854?
False
Is 208103858 a multiple of 122?
False
Is 397 a factor of 9197696?
True
Is 522 a factor of 72098255?
False
Is 461793444 a multiple of 28?
True
Is 2773506664 a multiple of 12?
False
Is 557546760 a multiple of 27?
True
Is 3130 a factor of 108925884?
False
Is 118 a factor of 7696580?
False
Is 100571302 a multiple of 949?
False
Is 8 a factor of 1395909256?
True
Is 24176512 a multiple of 38?
True
Is 1871856 a multiple of 336?
True
Is 628752730 a multiple of 108?
False
Is 91 a factor of 564446701?
True
Does 97 divide 97128659?
False
Is 169 a factor of 154272326?
True
Does 5 divide 6162980?
True
Is 1987 a factor of 513233924?
False
Is 20415212 a multiple of 886?
True
Is 28844120 a multiple of 206?
True
Does 70 divide 2395540?
True
Is 3521197253 a multiple of 2390?
False
Does 789 divide 36845600?
False
Is 560 a factor of 86806166?
False
Is 10194362 a multiple of 1315?
False
Does 45 divide 3897359460?
True
Is 296 a factor of 33797842?
False
Is 45 a factor of 803204685?
True
Is 7 a factor of 931512911?
True
Is 2729427 a multiple of 56?
False
Is 14 a factor of 10412864?
True
Does 54 divide 13637528?
False
Is 1333 a factor of 50160301?
False
Does 17350 divide 6362045277?
False
Is 585594268 a multiple of 390?
False
Is 2538 a factor of 211963608?
True
Does 28 divide 2710652?
True
Does 3 divide 10386796?
False
Is 126954548 a multiple of 30?
False
Is 79 a factor of 185920496?
True
Does 44 divide 1655090411?
False
Is 37 a factor of 34695671?
False
Is 265965306 a multiple of 114?
True
Does 2352 divide 69821472?
True
Is 48 a factor of 5558496?
True
Does 577 divide 6489704?
False
Does 13 divide 28244190?
True
Is 24935136 a multiple of 1266?
True
Does 593 divide 2782883177?
True
Is 71 a factor of 10724408?
True
Does 539 divide 29207928?
False
Does 24 divide 10936344?
True
Is 15542597 a multiple of 103?
True
Is 916018168 a multiple of 10?
False
Does 54 divide 375811326?
True
Is 35 a factor of 5886880?
False
Does 818 divide 2290714981?
False
Is 61 a factor of 2852200400?
False
Does 5414 divide 365707380?
False
Is 5 a factor of 10341202?
False
Does 521 divide 79746344?
True
Is 34 a factor of 1274501?
False
Is 80940160 a multiple of 990?
False
Is 123346301 a multiple of 1245?
False
Is 1883199360 a multiple of 37?
True
Is 1091 a factor of 24540198?
False
Is 51 a factor of 1224119748?
True
Is 13 a factor of 225109885?
True
Is 222935413 a multiple of 1757?
False
Is 11140 a factor of 1060383180?
True
Does 138 divide 50142162?
True
Is 36 a factor of 457650?
False
Does 37 divide 558343135?
True
Is 325384775 a multiple of 24?
False
Is 52269822 a multiple of 121?
True
Is 184811200 a multiple of 406?
True
Does 9 divide 15820677?
True
Is 248868599 a multiple of 3?
False
Does 919 divide 2936175495?
False
Is 793213047 a multiple of 70?
False
Is 130861006 a multiple of 173?
True
Is 188 a factor of 303304912?
True
Is 319 a factor of 207379348?
True
Is 175539654 a multiple of 254?
True
Does 730 divide 69529580?
True
Does 17 divide 28465412?
True
Is 5 a factor of 1390838?
False
Is 106 a factor of 4778355?
False
Is 1225158238 a multiple of 37?
False
Does 14 divide 1477242046?
True
Does 438 divide 1162578144?
True
Is 37894270 a multiple of 11?
False
Is 1418898641 a multiple of 13?
False
Is 22 a factor of 98225387?
False
Does 3 divide 17464434?
True
Does 17 divide 1312641459?
False
Is 824 a factor of 7195992?
True
Is 52864956 a multiple of 736?
False
Is 232555864 a multiple of 134?
False
Is 18 a factor of 246822795?
False
Is 42628478 a multiple of 20?
False
Does 20 divide 294265069?
False
Does 2971 divide 4890693824?
True
Is 172 a factor of 31140330?
False
Is 5937947733 a multiple of 4536?
False
Is 11808697 a multiple of 2?
False
Does 20 divide 1663358014?
False
Does 5 divide 8273364?
False
Is 95021947 a multiple of 77?
False
Is 50 a factor of 886000658?
False
Is 17 a factor of 28190011?
False
Does 103 divide 31999538?
False
Is 1338 a factor of 276786021?
False
Is 141881592 a multiple of 204?
True
Does 31 divide 13520039?
False
Is 155094102 a multiple of 54?
True
Does 29 divide 26900690?
True
Is 93 a factor of 4887894?
True
Is 26 a factor of 14725224?
False
Is 115 a factor of 583493210?
True
Is 17 a factor of 312292287?
False
Does 2328 divide 11424039?
False
Does 39 divide 73